 3. Let d be 23/(-6) + (-2)/12. Let b be f(d). What are the prime factors of s(b)?
5
Let i(v) = 11*v + 6. What are the prime factors of i(6)?
2, 3
Suppose -4*z + 258 = -478. List the prime factors of z.
2, 23
Suppose -22 = -4*j + 2*j. Let c = j + -3. List the prime factors of c.
2
Let f be (4/(-3))/((-8)/12). Suppose 2*l - 3*t - 6 = 4, 5*l - 14 = f*t. Suppose 2*p - l*r = -6*r + 28, -26 = -3*p + 2*r. List the prime factors of p.
2, 5
Let x(t) = t**2 + 9*t + 3. Let g be x(-9). Suppose 0 = g*l - 1 - 2. List the prime factors of 3 + l/(-1) + 1.
3
Let s(l) = l + 9. What are the prime factors of s(-7)?
2
Let j(c) = -4*c - 9. What are the prime factors of j(-6)?
3, 5
List the prime factors of 210/4 - 17/34.
2, 13
Suppose 4*b - 43 = -z + 16, -3*z = -b + 18. List the prime factors of 64/12*b/2.
2, 5
Let f(t) = -t**2 + 4*t**2 + 2 + 3 - 4. What are the prime factors of f(-2)?
13
Suppose -t - 5*c + 97 = 0, 4*c + 30 = -3*t + 321. List the prime factors of t.
97
Suppose 0 = -3*x + 4*x - 8. Let c(b) be the first derivative of -b**4/4 + 8*b**3/3 + 3*b**2/2 - 12*b - 9. List the prime factors of c(x).
2, 3
Suppose -2*m = -4*m + 6. Suppose m*b - 21 = -0*b. List the prime factors of b.
7
Let m(s) = -3*s - 11. Let q be m(-6). List the prime factors of ((-8)/(-10))/(q/35).
2
Suppose -94 = -0*d - 2*d. Suppose 4*v = 17 + d. Suppose -3*w + v = -2*w. What are the prime factors of w?
2
Suppose 0*b - 54 = -4*i + 3*b, -b + 34 = 3*i. What are the prime factors of i?
2, 3
What are the prime factors of 706/10 + 2/5?
71
Let j = -63 - -100. List the prime factors of j.
37
What are the prime factors of (-1)/(-4) - (-495)/20?
5
Let n = -43 + 106. What are the prime factors of n?
3, 7
Suppose 3*w = 5*q - 11, 0 = -5*w - q - 2*q - 75. What are the prime factors of 1 + 1 + 1 - w?
3, 5
Suppose -l - 5*k + 21 = 4, -2*k = 5*l - 108. Let n = -8 + l. List the prime factors of n.
2, 7
Suppose 4*h + 21 + 75 = 0. What are the prime factors of 3/(-2*9/h)?
2
Let q = -22 + 43. List the prime factors of q.
3, 7
Let d = -15 - -11. Let g = 7 + d. What are the prime factors of g/2*14/3?
7
Let c = 20 + 25. List the prime factors of c.
3, 5
Suppose -z + 6*z = 3*m - 457, 4*z + 452 = 3*m. List the prime factors of ((-4)/(-6))/(4/m).
2, 3
Let g(s) = 0*s**2 + 0*s**2 + 2 - 6 + 2*s - 3*s**3 - 3*s**2. List the prime factors of g(-3).
2, 11
Let i = 10 - 5. Suppose 16 = -g + i*g. Suppose -5*s - 5*y = -60, y - g*y = 5*s - 70. List the prime factors of s.
17
Suppose -75 = h - 4*h. Let z = h - 14. Let x = -5 + z. List the prime factors of x.
2, 3
Let w = 6 + -6. Suppose -u + 0 = -1, w = t - 3*u + 9. List the prime factors of -2*1 + 0 - t.
2
Let p(d) = -2*d - 2. Let w = 13 + -8. Suppose 2*v - v = -w. List the prime factors of p(v).
2
Let j be 3/15 + 1017/15. Suppose -j = 2*b - 6*b. What are the prime factors of b?
17
Let i = 8 + 79. List the prime factors of i.
3, 29
Suppose 11 = 5*o - 159. What are the prime factors of o?
2, 17
Let f(o) = o**3 + 8*o**2 - 7*o - 12. List the prime factors of f(-8).
2, 11
Suppose -2*n = 2*t - 5*n + 23, 0 = 2*t + 4*n - 12. Let g be t - -2 - -1 - 3. Let w = g - -6. What are the prime factors of w?
2
Suppose -3187 + 219 = -8*o. List the prime factors of o.
7, 53
Let o(p) = p**3 - 8*p**2 + 2*p + 3. Let j be o(8). Suppose 3*f - j = 86. What are the prime factors of f?
5, 7
Let z = -265 + 456. List the prime factors of z.
191
Suppose 0*r - 2*r + 220 = 0. What are the prime factors of (16/40)/(2/r)?
2, 11
Let g(j) = j**3 - j**2 - 7*j - 1. Let z(q) = -q**3 + 6*q + 2. Let i(a) = -4*g(a) - 5*z(a). Let o be i(-4). What are the prime factors of (1/o)/((-2)/(-8))?
2
Let t = 8 - 5. Suppose -t*y = 3*m - 21, -2*y - 2*m = -m - 10. Suppose 2*x + y*f - 10 = 0, -4*x - 2*f = -x - 15. List the prime factors of x.
5
Let y(a) be the second derivative of a**5/20 - a**4/2 - 5*a**3/6 + 5*a**2 + 4*a. What are the prime factors of y(7)?
2, 3
Suppose -7*n + 201 = -30. What are the prime factors of n?
3, 11
Suppose z - 7 - 11 = 0. Let k = -8 + z. List the prime factors of k.
2, 5
Let q(w) = w**2 - 7*w + 8. Let n be q(6). Let b(g) = 0*g**3 + g**2 - 9 - g**3 + 3*g**n + 4*g**2 + 12*g. List the prime factors of b(9).
2, 3
What are the prime factors of 328/14 + (-48)/(-84)?
2, 3
Let s(a) = -a**2 - 6*a - 1. Let k(n) = -n**3 - n**2 + n - 5. Let y be k(0). Let q be s(y). Suppose l = q*l - 9. List the prime factors of l.
3
Suppose 2*t - 29 = 5*r + 25, r = 2*t - 14. Let z be 5*((-16)/r - 1). Suppose z*g = 17 - 2. What are the prime factors of g?
5
Suppose 4*m - 8*m = 0. What are the prime factors of 3 - ((-124)/4 + m)?
2, 17
Let q be 2 + 3*(-48)/(-9). Suppose 2*t - q = -2. What are the prime factors of t?
2
Suppose 4*n = -4*t - 4, 0*n = 3*n - 3*t - 3. Let g = -13 - -22. Let h = g - n. What are the prime factors of h?
3
Let x(w) = 70*w - 3. What are the prime factors of x(2)?
137
Let d(i) = -99*i - 1. Let f be d(1). Let h = f + 145. Suppose -5*t + h = -0*t. List the prime factors of t.
3
Suppose 4*p + 73 = 25. Let r(f) = f + 2. Let m be r(p). Let o(c) = c + 12. List the prime factors of o(m).
2
List the prime factors of 16/1*63/42.
2, 3
Let g be 3/(-5)*-1*10. Let b = 4 + g. Let u = b + -7. List the prime factors of u.
3
Let l = 168 - 159. List the prime factors of l.
3
Let c(u) = 70*u. Let m be c(-1). Let l = m - -117. What are the prime factors of l?
47
What are the prime factors of ((0 - -2)/(-1))/(2/(-46))?
2, 23
Let a be (2/6)/(1/(-6)). Let b = 12 + a. What are the prime factors of b?
2, 5
Suppose -3*v - 2*v - 5*a = -1265, 5*a + 471 = 2*v. What are the prime factors of v?
2, 31
Let o(u) = u**2 + 8*u + 3. Let g be (0 - (11 - 3))*1. List the prime factors of o(g).
3
Let u(l) be the first derivative of l**4/12 + 7*l**3/6 + 4*l**2 - l + 4. Let h(w) be the first derivative of u(w). What are the prime factors of h(-7)?
2
Let g(q) = q**2 + 5*q - 11. Suppose 0 = i + 8 + 2. List the prime factors of g(i).
3, 13
Let f = 6 + -4. Let q(n) = -n**3 + 2*n**2 + n + 1. Let v be q(f). Suppose v*s = 5*k - 16, 2*s - 24 = -3*k - s. What are the prime factors of k?
5
Suppose 2*l - 50 = 3*k, 3*k - 14 - 36 = -2*l. Suppose 5*i = l, -3*i + 6*i + 37 = 4*f. List the prime factors of f.
13
Let n(k) = 6 + 3*k - 5*k + 0*k. Let a = 28 - 34. List the prime factors of n(a).
2, 3
Suppose 0*m = 4*m - 216. What are the prime factors of m?
2, 3
Suppose 2*s - 112 = 68. What are the prime factors of s?
2, 3, 5
List the prime factors of ((-4)/3)/(-2) - 43430/(-258).
13
Let i be -2*-1*15/(-2). Let z = -9 - i. Let f(b) = -b**3 + 5*b**2 + 8*b + 2. What are the prime factors of f(z)?
2, 7
Let d be 1/5 + (-828)/(-10). Suppose -3*n = -5*r + 3*r + d, 20 = -4*n. Suppose 37 = 4*k - 3*t, 7*k - 4*k = -4*t + r. What are the prime factors of k?
2, 5
Suppose 4*k + 9 = 7*k. Suppose -2*p = -f + 21, k*f = -2*f - 4*p + 49. What are the prime factors of f?
13
Let o(r) = r**2 - r + 3. Let y be o(0). Let t = y + 5. What are the prime factors of t?
2
Let n = -36 - -86. List the prime factors of n.
2, 5
Suppose 5 = s + 2. Suppose s*y = -4*m + 10, 2*m = 4*y - y - 22. What are the prime factors of y?
2, 3
Let s(j) = j**3 - 29*j**2 + 40*j + 26. What are the prime factors of s(28)?
2, 181
Let n = 271 + -179. List the prime factors of n.
2, 23
Let a be (-7)/(-14) - (-9)/(-6). Let n = 58 + a. List the prime factors of n.
3, 19
Let u = 112 + -57. Suppose 0 = -w - 0*w + 3*m + 9, -w - 4*m = 5. Suppose -s - 2*s = -5*d + u, w*d + 4*s = 4. What are the prime factors of d?
2
Suppose -17 = m + t, 3*m - 6*t + 2*t + 30 = 0. Let p be (19/4 + 1)*4. Let h = p + m. What are the prime factors of h?
3
Let o = 14 - 8. Let p be (-4)/o*(-3)/2. Suppose -n - 4*r + 5 = -p, 4*n - 24 = 5*r. What are the prime factors of n?
2, 3
Let v(z) = -z**2 + 6*z - 6. Let h be v(4). Suppose 6*c - c - 2*u - 153 = 0, h*u - 126 = -4*c. What are the prime factors of c?
31
Suppose d - 29 = i + 11, -i - 3 = 0. What are the prime factors of d?
37
Let w be 2 + 0*1/(-3). List the prime factors of (-21)/w*4/(-6).
7
Let s(t) = -t**3 - 12*t**2 + 12*t + 1. What are the prime factors of s(-14)?
3, 5
Suppose 0 = -2*v + 216 - 6. Suppose 0 = 5*j - k - v, 3*k + k = -j. What are the prime factors of j?
2, 5
Let m(v) = -5*v - 14. What are the prime factors of m(-6)?
2
Let u(s) = -s**2 - 4*s + 2. Let r be u(-4). Let q = 1 - r. List the pri